{"id":8624,"date":"2024-09-23T16:23:45","date_gmt":"2024-09-23T14:23:45","guid":{"rendered":"https:\/\/www.aloa-vacances.com\/les-flots-bleus\/la-faute-sur-mer\/"},"modified":"2024-10-07T16:23:38","modified_gmt":"2024-10-07T14:23:38","slug":"la-faute-sur-mer","status":"publish","type":"les-flots-bleus","link":"https:\/\/www.aloa-vacances.com\/nl\/les-flots-bleus\/omgeving\/la-faute-sur-mer\/","title":{"rendered":"La Faute-sur-Mer"},"content":{"rendered":"<div class=\"columns\" style=\"align-items:center;\"><div class=\"columns__item\" style=\"align-self:center;\"><h1>De geschiedenis van de stad <span class=\"fc-span\">La Faute-sur-Mer<\/span><\/h1><h2>De geschiedenis van <strong>de stad La Faute-sur-Mer<\/strong><\/h2><figure class=\"deco--fleur\"><picture><source srcset=\"https:\/\/www.aloa-vacances.com\/wp-content\/uploads\/2024\/09\/fleur-aloa-420x420.png.webp\" media=\"(max-width: 210px)\"><source srcset=\"https:\/\/www.aloa-vacances.com\/wp-content\/uploads\/2024\/09\/fleur-aloa.png.webp\" media=\"(max-width: 420px)\"><source srcset=\"https:\/\/www.aloa-vacances.com\/wp-content\/uploads\/2024\/09\/fleur-aloa.png.webp\" media=\"(max-width: 850px)\"><source srcset=\"https:\/\/www.aloa-vacances.com\/wp-content\/uploads\/2024\/09\/fleur-aloa.png.webp\" media=\"(max-width: 1024px)\"><source srcset=\"https:\/\/www.aloa-vacances.com\/wp-content\/uploads\/2024\/09\/fleur-aloa.png.webp\" media=\"(min-width: 1025px)\"><img decoding=\"async\" src=\"https:\/\/www.aloa-vacances.com\/wp-content\/uploads\/2024\/09\/fleur-aloa-420x420.png.webp\" width=\"420\" height=\"210\" loading=\"lazy\" alt=\"\" title=\"\"><\/picture><\/figure><p    >La Faute-sur-Mer werd een gemeente tegen het einde van 1953, toen het een landelijk gebied was van de gemeente La Tranche. <strong>La Faute-sur-Mer<\/strong> is een Franse stad in het departement Vend\u00e9e in de regio Pays de la Loire.\nHet ligt in het centraal-westen van Frankrijk.\nLa Faute-sur-Mer is een klein stukje kust in het zuiden van de Vend\u00e9e.\nDe stad heeft ongeveer 1.000 inwoners.\nHet heeft een oppervlakte van 726 hectare.    <\/p><\/div><div class=\"columns__item\" style=\"align-self:center;\"><div class=\"gallery\"><figure class=\"gallery__item\"><picture><source srcset=\"https:\/\/www.aloa-vacances.com\/wp-content\/uploads\/2024\/09\/la-faute-sur-mer--420x420.jpg\" media=\"(max-width: 210px)\"><source srcset=\"https:\/\/www.aloa-vacances.com\/wp-content\/uploads\/2024\/09\/la-faute-sur-mer--600x590.jpg\" media=\"(max-width: 420px)\"><source srcset=\"https:\/\/www.aloa-vacances.com\/wp-content\/uploads\/2024\/09\/la-faute-sur-mer--768x553.jpg.webp\" media=\"(max-width: 850px)\"><source srcset=\"https:\/\/www.aloa-vacances.com\/wp-content\/uploads\/2024\/09\/la-faute-sur-mer-.jpg\" media=\"(max-width: 1024px)\"><source srcset=\"https:\/\/www.aloa-vacances.com\/wp-content\/uploads\/2024\/09\/la-faute-sur-mer-.jpg\" media=\"(min-width: 1025px)\"><img decoding=\"async\" src=\"https:\/\/www.aloa-vacances.com\/wp-content\/uploads\/2024\/09\/la-faute-sur-mer--420x420.jpg\" width=\"420\" height=\"210\" alt=\"xr:d:DAF2r2gP34I:5,j:4131338807447989619,t:23121209\" loading=\"lazy\" title=\"\"><\/picture><\/figure><\/div><\/div><\/div>\n\n<figure class=\"deco--vague -vague1\"><picture><source srcset=\"https:\/\/www.aloa-vacances.com\/wp-content\/uploads\/2024\/09\/deco-vague-flots-1-420x420.png.webp\" media=\"(max-width: 210px)\"><source srcset=\"https:\/\/www.aloa-vacances.com\/wp-content\/uploads\/2024\/09\/deco-vague-flots-1-850x221.png.webp\" media=\"(max-width: 420px)\"><source srcset=\"https:\/\/www.aloa-vacances.com\/wp-content\/uploads\/2024\/09\/deco-vague-flots-1-768x200.png.webp\" media=\"(max-width: 850px)\"><source srcset=\"https:\/\/www.aloa-vacances.com\/wp-content\/uploads\/2024\/09\/deco-vague-flots-1-1024x267.png.webp\" media=\"(max-width: 1024px)\"><source srcset=\"https:\/\/www.aloa-vacances.com\/wp-content\/uploads\/2024\/09\/deco-vague-flots-1.png\" media=\"(min-width: 1025px)\"><img decoding=\"async\" src=\"https:\/\/www.aloa-vacances.com\/wp-content\/uploads\/2024\/09\/deco-vague-flots-1-420x420.png.webp\" width=\"420\" height=\"210\" loading=\"lazy\" alt=\"\" title=\"\"><\/picture><\/figure>\n\n<div class=\"group mini\"><h2>Waar komt de naam <strong>La Faute<\/strong> vandaan?<\/h2><p    >Er bestaan verschillende verhalen over de oorsprong van de naam La Faute.\nNiemand weet of deze verhalen gebaseerd zijn op echte feiten of dat het legendes zijn.\nHier zijn er een paar die misschien wat licht werpen op de oorsprong van de naam La Faute:  <\/p><p    >&#8211; Volgens een verhaal noemden de Romeinen (zeelieden) dit gebied &#8220;les Pictons P\u00f4s&#8221;.\nToen de Galli\u00ebrs deze uitdrukking gebruikten, spraken ze het woord &#8220;P\u00f4s&#8221; uit, dat werd vervormd tot &#8220;F\u00f4s&#8221;.\n<br>Een andere legende vertelt dat de heer van Talmont, na een romance met een jong meisje, de toekomstige baby een groot deel van de grond waaruit het dorp bestaat als bruidsschat gaf.\nHij vroeg zich af waarom de fout?\nWiens fout was het?\nEn zo kreeg het dorp de naam &#8220;La Faute&#8221;;     <\/p><\/div>","protected":false},"parent":8649,"menu_order":0,"template":"","meta":{"_acf_changed":false,"footnotes":""},"acf":[],"_links":{"self":[{"href":"https:\/\/www.aloa-vacances.com\/nl\/wp-json\/wp\/v2\/les-flots-bleus\/8624"}],"collection":[{"href":"https:\/\/www.aloa-vacances.com\/nl\/wp-json\/wp\/v2\/les-flots-bleus"}],"about":[{"href":"https:\/\/www.aloa-vacances.com\/nl\/wp-json\/wp\/v2\/types\/les-flots-bleus"}],"version-history":[{"count":3,"href":"https:\/\/www.aloa-vacances.com\/nl\/wp-json\/wp\/v2\/les-flots-bleus\/8624\/revisions"}],"predecessor-version":[{"id":9962,"href":"https:\/\/www.aloa-vacances.com\/nl\/wp-json\/wp\/v2\/les-flots-bleus\/8624\/revisions\/9962"}],"up":[{"embeddable":true,"href":"https:\/\/www.aloa-vacances.com\/nl\/wp-json\/wp\/v2\/les-flots-bleus\/8649"}],"wp:attachment":[{"href":"https:\/\/www.aloa-vacances.com\/nl\/wp-json\/wp\/v2\/media?parent=8624"}],"curies":[{"name":"wp","href":"https:\/\/api.w.org\/{rel}","templated":true}]}}

<div class="columns" style="align-items:center;"><div class="columns__item" style="align-self:center;"><h1>De geschiedenis van de stad <span class="fc-span">La Faute-sur-Mer</span></h1><h2>De geschiedenis van <strong>de stad La Faute-sur-Mer</strong></h2><figure class="deco--fleur"><picture><source srcset="https://www.aloa-vacances.com/wp-content/uploads/2024/09/fleur-aloa-420x420.png.webp" media="(max-width: 210px)"><source srcset="https://www.aloa-vacances.com/wp-content/uploads/2024/09/fleur-aloa.png.webp" media="(max-width: 420px)"><source srcset="https://www.aloa-vacances.com/wp-content/uploads/2024/09/fleur-aloa.png.webp" media="(max-width: 850px)"><source srcset="https://www.aloa-vacances.com/wp-content/uploads/2024/09/fleur-aloa.png.webp" media="(max-width: 1024px)"><source srcset="https://www.aloa-vacances.com/wp-content/uploads/2024/09/fleur-aloa.png.webp" media="(min-width: 1025px)"><img decoding="async" src="https://www.aloa-vacances.com/wp-content/uploads/2024/09/fleur-aloa-420x420.png.webp" width="420" height="210" loading="lazy" alt="" title=""></picture></figure><p    >La Faute-sur-Mer werd een gemeente tegen het einde van 1953, toen het een landelijk gebied was van de gemeente La Tranche. <strong>La Faute-sur-Mer</strong> is een Franse stad in het departement Vendée in de regio Pays de la Loire.
Het ligt in het centraal-westen van Frankrijk.
La Faute-sur-Mer is een klein stukje kust in het zuiden van de Vendée.
De stad heeft ongeveer 1.000 inwoners.
Het heeft een oppervlakte van 726 hectare.    </p></div><div class="columns__item" style="align-self:center;"><div class="gallery"><figure class="gallery__item"><picture><source srcset="https://www.aloa-vacances.com/wp-content/uploads/2024/09/la-faute-sur-mer--420x420.jpg" media="(max-width: 210px)"><source srcset="https://www.aloa-vacances.com/wp-content/uploads/2024/09/la-faute-sur-mer--600x590.jpg" media="(max-width: 420px)"><source srcset="https://www.aloa-vacances.com/wp-content/uploads/2024/09/la-faute-sur-mer--768x553.jpg.webp" media="(max-width: 850px)"><source srcset="https://www.aloa-vacances.com/wp-content/uploads/2024/09/la-faute-sur-mer-.jpg" media="(max-width: 1024px)"><source srcset="https://www.aloa-vacances.com/wp-content/uploads/2024/09/la-faute-sur-mer-.jpg" media="(min-width: 1025px)"><img decoding="async" src="https://www.aloa-vacances.com/wp-content/uploads/2024/09/la-faute-sur-mer--420x420.jpg" width="420" height="210" alt="xr:d:DAF2r2gP34I:5,j:4131338807447989619,t:23121209" loading="lazy" title=""></picture></figure></div></div></div>

<figure class="deco--vague -vague1"><picture><source srcset="https://www.aloa-vacances.com/wp-content/uploads/2024/09/deco-vague-flots-1-420x420.png.webp" media="(max-width: 210px)"><source srcset="https://www.aloa-vacances.com/wp-content/uploads/2024/09/deco-vague-flots-1-850x221.png.webp" media="(max-width: 420px)"><source srcset="https://www.aloa-vacances.com/wp-content/uploads/2024/09/deco-vague-flots-1-768x200.png.webp" media="(max-width: 850px)"><source srcset="https://www.aloa-vacances.com/wp-content/uploads/2024/09/deco-vague-flots-1-1024x267.png.webp" media="(max-width: 1024px)"><source srcset="https://www.aloa-vacances.com/wp-content/uploads/2024/09/deco-vague-flots-1.png" media="(min-width: 1025px)"><img decoding="async" src="https://www.aloa-vacances.com/wp-content/uploads/2024/09/deco-vague-flots-1-420x420.png.webp" width="420" height="210" loading="lazy" alt="" title=""></picture></figure>

<div class="group mini"><h2>Waar komt de naam <strong>La Faute</strong> vandaan?</h2><p    >Er bestaan verschillende verhalen over de oorsprong van de naam La Faute.
Niemand weet of deze verhalen gebaseerd zijn op echte feiten of dat het legendes zijn.
Hier zijn er een paar die misschien wat licht werpen op de oorsprong van de naam La Faute:  </p><p    >&#8211; Volgens een verhaal noemden de Romeinen (zeelieden) dit gebied &#8220;les Pictons Pôs&#8221;.
Toen de Galliërs deze uitdrukking gebruikten, spraken ze het woord &#8220;Pôs&#8221; uit, dat werd vervormd tot &#8220;Fôs&#8221;.
<br>Een andere legende vertelt dat de heer van Talmont, na een romance met een jong meisje, de toekomstige baby een groot deel van de grond waaruit het dorp bestaat als bruidsschat gaf.
Hij vroeg zich af waarom de fout?
Wiens fout was het?
En zo kreeg het dorp de naam &#8220;La Faute&#8221;;     </p></div>
